{"id":90,"date":"2011-01-31T18:42:36","date_gmt":"2011-01-31T18:42:36","guid":{"rendered":"http:\/\/gartenbauberatung-fittje.de\/?page_id=90"},"modified":"2011-05-04T12:49:02","modified_gmt":"2011-05-04T12:49:02","slug":"beraterin-2","status":"publish","type":"page","link":"https:\/\/gartenbauberatung-fittje.de\/?page_id=90","title":{"rendered":"Beraterin"},"content":{"rendered":"<p>Wenn ich auch nicht &#8222;G\u00e4rtnerin von Geburt an&#8220; bin, so bin ich dem Gartenbau doch bereits seit geraumer Zeit verbunden:<\/p>\n<ul>\n<li>1991 Gehilfenpr\u00fcfung zur G\u00e4rtnerin Fachrichtung Baumschule (Borchers, Bad Zwischenahn)<!--more--><\/li>\n<li>1996 Diplompr\u00fcfung zur Dipl.-Ing. agrar Fachrichtung Gartenbau \u00a0(Universit\u00e4t Hannover)<!--more--><\/li>\n<li>1997 Betriebsleitung im Zierpflanzenbaubetrieb (Tropica, R\u00fcdenhausen)<!--more--><\/li>\n<li>1998 Produktmanagement, Entwicklung und Vertriebsunterst\u00fctzung\u00a0 f\u00fcr Gr\u00fcnd\u00e4cher (ZinCo, Unterensingen)<!--more--><\/li>\n<li>1999 Beraterausbildung,\u00a0 anschlie\u00dfend \u00dcbernahme der Beratung und Gesch\u00e4ftsf\u00fchrung f\u00fcr den Beratungsring Azerca Nord e. V. (Oldenburg \/ Bad Zwischenahn) <!--more--><\/li>\n<li>seit 2001 Selbst\u00e4ndigkeit als freie Gartenbauberaterin,\u00a0Beratung f\u00fcr den Beratungsring Azerca Nord und externe Betriebe<\/li>\n<\/ul>\n<p>Sie wollen mehr wissen?<\/p>\n<p>Sprechen Sie mich an!<\/p>\n","protected":false},"excerpt":{"rendered":"<p>Wenn ich auch nicht &#8222;G\u00e4rtnerin von Geburt an&#8220; bin, so bin ich dem Gartenbau doch bereits seit geraumer Zeit verbunden: 1991 Gehilfenpr\u00fcfung zur G\u00e4rtnerin Fachrichtung Baumschule (Borchers, Bad Zwischenahn)<\/p>\n","protected":false},"author":1,"featured_media":0,"parent":0,"menu_order":60,"comment_status":"closed","ping_status":"open","template":"","meta":{"footnotes":""},"class_list":["post-90","page","type-page","status-publish","hentry"],"jetpack_sharing_enabled":true,"_links":{"self":[{"href":"https:\/\/gartenbauberatung-fittje.de\/index.php?rest_route=\/wp\/v2\/pages\/90","targetHints":{"allow":["GET"]}}],"collection":[{"href":"https:\/\/gartenbauberatung-fittje.de\/index.php?rest_route=\/wp\/v2\/pages"}],"about":[{"href":"https:\/\/gartenbauberatung-fittje.de\/index.php?rest_route=\/wp\/v2\/types\/page"}],"author":[{"embeddable":true,"href":"https:\/\/gartenbauberatung-fittje.de\/index.php?rest_route=\/wp\/v2\/users\/1"}],"replies":[{"embeddable":true,"href":"https:\/\/gartenbauberatung-fittje.de\/index.php?rest_route=%2Fwp%2Fv2%2Fcomments&post=90"}],"version-history":[{"count":8,"href":"https:\/\/gartenbauberatung-fittje.de\/index.php?rest_route=\/wp\/v2\/pages\/90\/revisions"}],"predecessor-version":[{"id":99,"href":"https:\/\/gartenbauberatung-fittje.de\/index.php?rest_route=\/wp\/v2\/pages\/90\/revisions\/99"}],"wp:attachment":[{"href":"https:\/\/gartenbauberatung-fittje.de\/index.php?rest_route=%2Fwp%2Fv2%2Fmedia&parent=90"}],"curies":[{"name":"wp","href":"https:\/\/api.w.org\/{rel}","templated":true}]}}